7
Calculate the greatest common divisor of 546 and 8307.
39
What is the greatest common divisor of 473860 and 285?
95
What is the highest common factor of 42 and 237912?
6
What is the highest common factor of 175 and 23575?
25
Calculate the highest common divisor of 18135 and 62.
31
What is the greatest common divisor of 1837 and 81997?
167
Calculate the highest common divisor of 2921 and 5635.
23
Calculate the greatest common factor of 20746 and 77.
11
What is the highest common divisor of 12086 and 8?
2
What is the greatest common factor of 6270 and 12375?
165
Calculate the highest common divisor of 98 and 228662.
14
What is the greatest common divisor of 773461 and 13?
13
Calculate the highest common divisor of 316 and 12768296.
316
Calculate the greatest common divisor of 4890 and 24.
6
What is the highest common divisor of 675 and 65745?
135
What is the greatest common divisor of 288 and 33248?
32
Calculate the highest common factor of 315 and 19725.
15
Calculate the highest common factor of 1272 and 5777.
53
Calculate the greatest common factor of 581944 and 136.
136
What is the greatest common divisor of 70371 and 49?
7
Calculate the greatest common divisor of 1884 and 10833.
471
What is the greatest common factor of 2104150 and 30?
10
What is the greatest common divisor of 320 and 12280?
40
What is the highest common factor of 7312 and 3424?
16
What is the greatest common factor of 50 and 22440?
10
Calculate the greatest common divisor of 299 and 18707.
13
Calculate the highest common factor of 208464 and 168.
24
Calculate the greatest common divisor of 362374 and 3101.
443
What is the greatest common divisor of 32 and 170408?
8
Calculate the greatest common divisor of 33 and 172095.
33
Calculate the greatest common divisor of 395 and 43055.
395
Calculate the greatest common divisor of 363482 and 4.
2
Calculate the highest common factor of 175 and 26050.
25
Calculate the highest common factor of 32879 and 473.
11
What is the greatest common divisor of 66256 and 101?
101
What is the greatest common factor of 13098 and 98412?
354
What is the highest common divisor of 6 and 156159?
3
Calculate the highest common divisor of 10797 and 27267.
183
What is the greatest common divisor of 141400 and 5460?
140
What is the greatest common factor of 196108 and 33?
11
What is the highest common factor of 460 and 3580?
20
Calculate the highest common factor of 3230 and 374.
34
Calculate the highest common divisor of 9653582 and 1234.
1234
What is the highest common divisor of 1070 and 20544?
214
Calculate the highest common factor of 601244 and 56.
28
What is the highest common divisor of 14 and 8694?
14
Calculate the highest common divisor of 385 and 517.
11
What is the greatest common divisor of 33534 and 111294?
486
What is the greatest common divisor of 3151 and 92?
23
Calculate the greatest common divisor of 704958 and 879.
879
What is the highest common divisor of 121 and 82456?
11
Calculate the greatest common divisor of 113459 and 23.
23
What is the greatest common factor of 345 and 86319?
69
Calculate the highest common factor of 578707 and 122.
61
What is the greatest common divisor of 146742 and 666?
222
What is the greatest common factor of 848 and 320968?
424
What is the highest common factor of 206 and 133282?
206
Calculate the greatest common divisor of 2253416 and 1624.
232
Calculate the greatest common divisor of 34 and 30209.
17
What is the highest common divisor of 87892 and 56?
28
What is the greatest common factor of 157040 and 20?
20
What is the highest common factor of 2676690 and 90?
90
What is the highest common factor of 13190 and 188617?
1319
Calculate the greatest common factor of 104 and 18248932.
52
Calculate the greatest common factor of 1342982 and 62.
62
Calculate the highest common divisor of 499768 and 7678.
698
What is the highest common factor of 861 and 23124?
123
Calculate the greatest common divisor of 323448 and 264.
24
Calculate the highest common factor of 4200 and 78825.
75
What is the highest common factor of 17818 and 3775?
151
What is the greatest common divisor of 2174 and 79?
1
Calculate the greatest common divisor of 750864 and 336.
48
Calculate the greatest common divisor of 34185 and 143895.
795
What is the highest common factor of 35 and 2854915?
35
Calculate the greatest common divisor of 67131 and 72.
9
Calculate the highest common factor of 1061544 and 132.
132
Calculate the greatest common divisor of 1979515 and 7775.
1555
What is the highest common factor of 22830 and 270?
30
Calculate the highest common factor of 1843 and 56715.
19
What is the highest common factor of 339195 and 30?
15
What is the greatest common divisor of 24860 and 179740?
220
Calculate the highest common divisor of 16740 and 37260.
540
Calculate the greatest common factor of 1781185 and 280.
35
What is the greatest common factor of 544 and 235399?
17
Calculate the greatest common divisor of 3601 and 6838.
13
What is the highest common factor of 5667 and 3?
3
What is the greatest common factor of 154707 and 17808?
1113
Calculate the greatest common divisor of 621 and 387.
9
What is the highest common divisor of 64 and 9352?
8
Calculate the highest common factor of 396 and 3328776.
396
Calculate the greatest common divisor of 142244 and 43.
43
Calculate the greatest common divisor of 858 and 4589.
13
Calculate the highest common factor of 78848 and 33.
11
What is the highest common factor of 754 and 13078?
26
What is the highest common factor of 2375 and 100?
25
What is the greatest common divisor of 1930 and 5350?
10
What is the greatest common factor of 59024 and 7140?
476
What is the greatest common divisor of 56097 and 15318?
207
Calculate the greatest common divisor of 120000 and 15360.
960
Calculate the greatest common factor of 2140 and 56780.
20
Calculate the greatest common factor of 11437 and 1.
1
Calculate the highest common divisor of 5120 and 24.
8
What is the greatest common factor of 146072 and 304?
152
What is the highest common divisor of 58305 and 1365?
195
What is the highest common factor of 5762 and 1892?
86
What is the highest common factor of 21 and 14655?
3
What is the highest common factor of 60 and 164628?
12
Calculate the greatest common factor of 5 and 445.
5
Calculate the highest common factor of 1134 and 1442.
14
What is the greatest common factor of 90871 and 286?
11
Calculate the highest common divisor of 20352 and 3975.
159
Calculate the greatest common divisor of 143 and 36608.
143
Calculate the greatest common factor of 115 and 4065.
5
Calculate the greatest common factor of 230308 and 559.
559
What is the highest common factor of 465 and 4960?
155
What is the greatest common factor of 627 and 5225?
209
Calculate the highest common divisor of 44038 and 5238.
194
What is the greatest common divisor of 4743 and 82367?
31
Calculate the greatest common divisor of 344 and 4140212.
172
What is the highest common factor of 37784 and 2?
2
Calculate the greatest common divisor of 26862 and 2058.
6
What is the greatest common divisor of 3843 and 1179?
9
Calculate the greatest common factor of 6723 and 243.
81
Calculate the highest common divisor of 520 and 78.
26
What is the greatest common factor of 5152 and 672?
224
Calculate the highest common divisor of 2152 and 662278.
538
Calculate the highest common factor of 1661 and 2101.
11
What is the greatest common factor of 109620 and 10395?
945
What is the greatest common factor of 48 and 3632?
16
Calculate the greatest common factor of 12378020 and 1130.
1130
Calculate the highest common factor of 105405 and 15.
15
Calculate the greatest common factor of 52156 and 3094.
442
Calculate the highest common divisor of 1261 and 221.
13
Calculate the highest common factor of 3744 and 325.
13
What is the greatest common divisor of 256 and 5816?
8
What is the greatest common factor of 131265 and 45?
45
What is the highest common factor of 572 and 492404?
44
Calculate the highest common factor of 477334 and 44.
22
What is the greatest common factor of 25 and 588100?
25
Calculate the highest common factor of 1091 and 8201047.
1091
Calculate the highest common factor of 2337 and 1425.
57
Calculate the greatest common divisor of 60 and 94596.
12
What is the g